 + 33. Let i(t) = 194*t - 14. Let s be i(w). Suppose 0 = -7*r + s + 60. Does 31 divide r?
True
Suppose 0 = 5*c, -1 = 4*b + c - 17. Let u(y) = 5*y**3 - y**2 + 2*y - 4. Is 11 a factor of u(b)?
True
Suppose m - 6*m + 46797 = 3*b, -4*m + 37424 = -b. Is 26 a factor of m?
False
Let w = -1285 + 1314. Suppose 0 = -0*c - 4*c + 4*v + 544, 3*c = v + 414. Suppose -c = -4*m + w. Is m a multiple of 31?
False
Suppose 9*a = 106 - 25. Suppose 600 = a*v + 11*v. Does 11 divide v?
False
Let x = 6142 + -3727. Suppose -9*t - 26*t + x = 0. Is t a multiple of 56?
False
Suppose 124 = 31*h - 0. Suppose b = -h*j + 763 - 204, 2763 = 5*b + 4*j. Does 29 divide b?
True
Let d(l) = 616*l**2 + 263*l + 1588. Is 52 a factor of d(-6)?
False
Suppose 3*q = 6*t - 4*t + 65, -3*q - 2*t = -61. Suppose -2*b + 2 = g - 11, -2*b = -g + q. Is g a multiple of 5?
False
Suppose -3*p - 10*o = -11*o + 15, 25 = -5*p + 4*o. Does 11 divide p*8/120*-759?
True
Let x(o) = -7*o**2 - 47*o - 20. Let m(k) = -5*k**2 - 48*k - 21. Let t(w) = 3*m(w) - 2*x(w). Does 97 divide t(-23)?
False
Suppose 22*t - 7280 = 8*t. Does 5 divide t?
True
Let l be -3 + -2182*(-9)/6*2. Suppose -l = -9*k - 2340. Let f = k + -281. Is f a multiple of 13?
False
Suppose 53*v - 20 = 43*v. Is 11222/62 - (1*-2)/v a multiple of 8?
False
Suppose -3*c + 3*p + 9819 = 0, 5*p - 1701 + 8265 = 2*c. Is 150 a factor of c?
False
Is 18 a factor of 19*129 + (4 - (-14 - -22))?
False
Suppose 5*n + 1 = z - 5, -3*z + 2*n + 70 = 0. Let b = 30 - 36. Let p = z + b. Does 20 divide p?
True
Is (746 - -10)*((-4)/(-16))/((-1)/(-2)) a multiple of 63?
True
Let g = -139 - 61. Let c = -121 - g. Does 8 divide c?
False
Suppose -10*f - 24 = -18*f. Does 10 divide (2 - f)/(-2 + 169/85)?
False
Let d be (20/40)/((-1)/(-2)) - -4. Suppose r - 72 = -2*w, r - 110 = 2*w - d*w. Is 11 a factor of w?
False
Suppose 196*z - 1043936 + 2958806 = 631*z. Is z a multiple of 71?
True
Let w(v) = -8 - v**3 + 0*v - 21*v**2 - 14 + 5*v**2 - 4*v. Let z be w(-16). Suppose z = 2*l + 4. Is l even?
False
Let o be (-2 + -7)*8/(-6). Suppose -9*y + 5*y = -o. Suppose 0 = y*a - 6, 2*a = -2*m - 2*a + 66. Is 8 a factor of m?
False
Let c(o) = o**2 + 12*o + 7. Suppose s - 13 = -11. Suppose -2*r - s*b - 16 = 0, 44 = -5*r + 3*b - 7*b. Is 2 a factor of c(r)?
False
Let s(k) = -415*k + 10507. Does 7 divide s(-35)?
True
Let h = 4124 + 1995. Is 82 a factor of h?
False
Suppose 5 = -5*z, -3*n + n - 329 = -5*z. Suppose -606 = 5*w + 579. Let o = n - w. Does 10 divide o?
True
Let p(i) = -7*i**3 - 6*i**2 + 2*i + 20. Let x(v) = -2*v**3 + v**2 - v + 1. Let h(w) = -p(w) + 3*x(w). Does 9 divide h(-6)?
False
Let u = 50 + -50. Let o(d) = -d**2 + 2*d + 100. Let f be o(u). Suppose -f = 4*l - 8*l. Is 4 a factor of l?
False
Let v(z) = -39*z**2 - 9*z - 8. Let a be v(-1). Let p = 222 + a. Is p a multiple of 10?
False
Let q(u) = u**3 + 4*u**2 + 2. Let f be q(-4). Suppose -3*y + 868 = f*o, 3*y + 4*o - 335 = 531. Is y a multiple of 58?
True
Let v(r) be the third derivative of -5*r**4/12 - 10*r**3 - 2*r**2 + 27. Is 2 a factor of v(-19)?
True
Suppose -245*p + 249*p = 12. Suppose -8654 = -5*b + 4*t, -3*t + 5192 = p*b - 5*t. Is 37 a factor of b?
False
Let r(q) = q**3 + 20*q**2 + 5. Let f be r(-20). Suppose -4*u = -f*u - 3. Is u*12/(-9) + 151 a multiple of 31?
True
Let r(k) = -11*k**3 + 47*k**2 - 20*k + 55. Let p(u) = -3*u**3 + 16*u**2 - 6*u + 18. Let x(b) = 7*p(b) - 2*r(b). Does 40 divide x(-10)?
False
Is 13 a factor of 6 + (-153)/27 + (-10986)/(-9)?
False
Let x(g) = g**2 + 15*g - 32. Let v be x(-17). Suppose 5*m - 954 = -z, -17*z + 14*z + 2875 = v*m. Is 9 a factor of z?
False
Let b = -207 + 376. Let k = 87 + b. Is 8 a factor of k?
True
Let y(u) = -1098*u - 372. Does 15 divide y(-4)?
True
Let f = -42 - -45. Suppose -33 = -f*o + 135. Suppose -o*x + 54*x + 34 = 0. Is x a multiple of 17?
True
Let y(g) = -g**2 + 9*g - 11. Let f be y(7). Let v(p) = -67*p**2 + 4*p + 68*p**2 - f*p. Does 42 divide v(-7)?
True
Suppose -2*x - 54 = i, -5*i + 3*x - 118 = 87. Let d = i - -184. Is 7 a factor of d?
True
Let y = -3495 + 16609. Does 166 divide y?
True
Let z be 3/(12/20 + 0). Does 24 divide ((-9)/z)/((-24)/1280)?
True
Suppose 0 = 4*q + 8. Suppose 3*i = g - 9, -2 = i - 2*i + 2*g. Is 16 a factor of i - (-60 + 3 - q)?
False
Let m(y) = -y + 10. Let l = -34 + 40. Let t be m(l). Suppose 0*k - k - 2*p = -19, -56 = -t*k - 3*p. Does 11 divide k?
True
Let m = 220 + -657. Let x = -426 - m. Does 7 divide x?
False
Suppose 0 = r - w - 3741, 0 = -30*r + 32*r + 3*w - 7457. Does 108 divide r?
False
Let l(f) = -f**2 - 6*f + 12. Let y be l(-6). Suppose 3717 = y*a - 3255. Is 17 a factor of a?
False
Suppose -k + 2*p = -p - 15324, -5*k = -p - 76662. Is k a multiple of 57?
True
Let i = 2787 - -1695. Is 27 a factor of i?
True
Let i(x) = -6*x - 1. Let b be i(-1). Suppose 3*h + h - 2 = -b*n, 0 = 5*n + 5*h. Suppose 41 = n*k - 39. Does 8 divide k?
True
Let q(c) = 13*c - 10. Let z = 33 + -66. Let l = 38 + z. Is q(l) a multiple of 11?
True
Suppose 10*l - 24 = -2*l. Let k be (7 + -346)/(-2 + (-15)/(-12)). Suppose -2*m + k = -5*y, 223 = l*m - m - y. Is 30 a factor of m?
False
Suppose 2533 = 2*j + 3*i, j + 3*i - 655 = 613. Does 14 divide j?
False
Let j(b) = 3*b**2 - b - 2. Let l = 13 - 11. Let d be j(l). Is ((-126)/d)/(2/(-8)) a multiple of 21?
True
Suppose -22228 = -3*c + 4*i, -6*c + 11*c + 5*i = 37140. Is c a multiple of 13?
False
Suppose 228*h - 227*h - 7 = 0, 0 = -4*s - h + 80659. Is 47 a factor of s?
True
Suppose -3835 = -v - 0*v - 4*x, 5*v - 19247 = 4*x. Suppose 3*m - 6053 - v = 0. Suppose -26*b + 36*b = m. Is b a multiple of 55?
True
Let w(k) = -52*k - 15*k - 6688 - 33*k**2 + 6712 + k**3. Does 68 divide w(35)?
False
Let k = -18181 + 36685. Is 18 a factor of k?
True
Let i(o) = -o**2 - 24*o + 14840. Does 140 divide i(0)?
True
Let h be 75/100 + 3/(-4) + 1370. Let y = h - 962. Is 51 a factor of y?
True
Let t = -33 - -37. Suppose -j = -5*o + 11, 6*j - 2*j - 4 = t*o. Suppose o = -a + 19. Is a a multiple of 8?
True
Suppose -3*l + 833 = -2*p, -5*l - 2*p - 676 = -2043. Is l a multiple of 2?
False
Suppose 2*r - 2*n - 1 = 3, 3*r + 3*n - 24 = 0. Does 15 divide (1 - (-371)/r) + (-15)/75?
True
Suppose -3*v = 5*f - 8718, -49*f + 44*f = -2*v - 8738. Does 9 divide f?
True
Let n(v) = 3*v**2 - 5*v + 9. Let y be n(-9). Suppose 0*s - 9*s = -y. Is s even?
False
Let o(y) = -2*y. Let z be o(-2). Suppose z*c - 3*c = -p + 224, 0 = -4*c + 5*p + 860. Does 64 divide c?
False
Does 4 divide (360/4)/9 + -11 + (-5 - -12239)?
False
Let w = 46010 - 23498. Is w a multiple of 39?
False
Let t be (-1 - 5)/(3/(-454)). Let w = -265 + t. Does 24 divide w?
False
Let k(d) be the second derivative of d**5/20 - 5*d**4/4 + 7*d**3/6 - 3*d**2/2 - 2*d. Suppose -49*n = -25*n - 360. Is 51 a factor of k(n)?
True
Is 6/((-1)/1) + 2239 + -73 a multiple of 4?
True
Suppose -11*l + 14*l + 15*l = 319428. Is 189 a factor of l?
False
Let y be (3008/6)/(30/45). Suppose 2072 = 5*l + y. Does 44 divide l?
True
Suppose 4*x - 8 = -4*v, 0 = -x - 1. Let q be ((-20)/6)/((-2)/v). Suppose 0*s + 4*t = -q*s + 233, 4*s - 3*t - 174 = 0. Is s a multiple of 11?
False
Let b = -3915 - -5523. Is b a multiple of 24?
True
Let u = -155 + 160. Is 66 a factor of 1197/3 - u - (-1 + -1)?
True
Let n(a) = -6*a**2 - 319*a - 282. Is n(-49) a multiple of 5?
False
Let d(n) be the first derivative of 2*n**3/3 + 9*n**2/2 - 46*n - 37. Is d(-10) a multiple of 8?
True
Let r(p) = p**2 - 23*p - 10. Let g(f) = 2*f**2 - 46*f - 21. Let u(s) = 6*g(s) - 13*r(s). Let z be ((-3)/(-2))/((-21)/(-196)). Does 13 divide u(z)?
True
Let p = -267 + 3087. Is 20 a factor of p?
True
Let x be 4780/(-70) + 2/7. Let o = x + 96. Let r = o - 6. Is 4 a factor of r?
False
Suppose -235*q + 232*q = -756. Suppose 5*s - q = 2*s. Is s a multiple of 12?
True
Let c = 7359 - 7314. Is c a multiple of 20?
False
Let s = -116 - -141. Suppose 3*c - 330 + 37 = w, 0 = -5*w - s. Does 62 divide c?
False
Let y(x) = 7320*x + 327. Is y(2) a multiple of 139?
False
Is 82 a factor of (-12 - 3165)*120/(-36)?
False
Let t(o) = o**3 + 11*o**2 - o + 21. Let m be t(-10). Let r = m + -85. Suppose -10 = 2*n - r. Is n a multiple of 5?
False
Let q(h) = 18*h**3 + 26*h**2 - 128*h - 45. Is q(9) a multiple of 13?
False
Let r = 42 - 41. Let w be 50/18 - ((-35)/(-45) - r). Let d(l) = 7*l + 1. Is 2 a factor of d(w)?
True
Suppose 0 = -3*q - 